5?
675
What is the greatest common divisor of 1530 and 262293?
51
Calculate the highest common divisor of 227040 and 288.
96
What is the greatest common factor of 160254 and 29?
29
Calculate the highest common factor of 6340292 and 1468.
1468
What is the highest common factor of 19032 and 143?
13
Calculate the greatest common factor of 1127 and 3473.
23
What is the greatest common divisor of 86785 and 68?
17
What is the greatest common divisor of 554 and 20?
2
What is the greatest common factor of 913 and 252901?
913
Calculate the greatest common factor of 151439 and 1522.
761
Calculate the greatest common factor of 3612 and 27907.
43
Calculate the highest common factor of 1150 and 8950.
50
Calculate the greatest common factor of 5339 and 437.
19
Calculate the highest common factor of 1536 and 792.
24
Calculate the greatest common divisor of 3123784 and 1648.
824
What is the highest common factor of 858 and 5421?
39
What is the greatest common factor of 4715 and 1927?
41
What is the highest common divisor of 104301 and 162?
27
What is the highest common divisor of 120 and 758320?
40
What is the highest common factor of 38070 and 376?
94
Calculate the highest common factor of 40934 and 3376.
422
What is the highest common divisor of 640976 and 17654?
1358
What is the highest common divisor of 3264 and 6256?
272
Calculate the highest common divisor of 444 and 6234.
6
What is the greatest common factor of 108780 and 770?
70
What is the highest common factor of 16 and 474704?
16
What is the highest common divisor of 9096 and 264?
24
Calculate the greatest common divisor of 612608 and 1024.
256
What is the highest common factor of 28587 and 24922?
733
Calculate the highest common factor of 14528 and 320.
64
Calculate the highest common divisor of 1817 and 4977.
79
What is the highest common divisor of 93 and 71207?
31
What is the greatest common divisor of 3741 and 26875?
43
What is the highest common factor of 91827 and 71958?
537
What is the highest common factor of 87048 and 3159?
351
What is the greatest common factor of 2675 and 50?
25
What is the highest common factor of 54500 and 139000?
500
Calculate the highest common divisor of 10890 and 62280.
90
What is the greatest common factor of 18 and 10004976?
18
Calculate the highest common divisor of 1323 and 3375.
27
What is the highest common factor of 16 and 438536?
8
What is the highest common factor of 17425 and 2550?
425
Calculate the greatest common factor of 122491 and 706.
353
What is the highest common divisor of 30 and 687165?
15
Calculate the highest common divisor of 5906 and 172.
2
What is the highest common divisor of 7015 and 2185?
115
What is the highest common divisor of 833 and 9639?
119
Calculate the highest common factor of 338 and 689.
13
Calculate the greatest common divisor of 128 and 147328.
128
Calculate the highest common divisor of 29941 and 316.
79
What is the greatest common divisor of 400 and 3220?
20
What is the highest common divisor of 279 and 5409?
9
What is the highest common divisor of 160 and 1493360?
80
Calculate the greatest common divisor of 1702 and 4218.
74
Calculate the greatest common factor of 1737316 and 28.
28
What is the highest common factor of 4 and 69676?
4
What is the highest common divisor of 11125 and 5?
5
Calculate the greatest common factor of 104152 and 282.
94
Calculate the highest common factor of 252896 and 224.
224
What is the highest common divisor of 20 and 4629260?
20
What is the highest common factor of 215 and 132139?
43
Calculate the greatest common divisor of 16 and 257392.
16
What is the highest common factor of 254 and 268478?
254
Calculate the highest common divisor of 8494080 and 80.
80
Calculate the greatest common factor of 90 and 1056600.
90
What is the greatest common factor of 72 and 606564?
36
What is the greatest common factor of 110 and 1917410?
110
What is the highest common divisor of 1322726 and 3914?
206
What is the greatest common factor of 20045 and 638275?
1055
Calculate the greatest common factor of 7502680 and 40.
40
What is the highest common factor of 1 and 107506?
1
What is the highest common factor of 10511904 and 156?
156
What is the highest common factor of 4313365 and 35?
35
What is the greatest common divisor of 1149 and 22176?
3
What is the greatest common divisor of 2327643 and 54?
27
What is the highest common divisor of 138 and 2950026?
138
What is the greatest common divisor of 4450 and 2450?
50
What is the greatest common divisor of 3 and 478578?
3
What is the highest common divisor of 207 and 97290?
207
What is the highest common divisor of 2404 and 544506?
1202
What is the highest common divisor of 292 and 4192828?
292
Calculate the highest common factor of 3071 and 2368.
37
What is the highest common divisor of 96 and 2780808?
24
Calculate the greatest common divisor of 3725986 and 1542.
514
What is the greatest common divisor of 88 and 7821?
11
What is the greatest common divisor of 689 and 6019?
13
Calculate the greatest common divisor of 2441926 and 148.
74
What is the greatest common factor of 227 and 49940?
227
Calculate the highest common factor of 230 and 7889.
23
What is the greatest common divisor of 52688 and 534?
178
Calculate the greatest common factor of 62823 and 129.
129
What is the greatest common divisor of 3775 and 164137?
151
What is the greatest common divisor of 61244 and 1506?
502
What is the greatest common factor of 17284 and 2?
2
Calculate the greatest common factor of 1947 and 90211.
649
Calculate the highest common divisor of 752 and 18.
2
What is the highest common factor of 63 and 91980?
63
What is the greatest common factor of 5117 and 57749?
731
What is the greatest common divisor of 364 and 33994688?
364
Calculate the highest common factor of 57135 and 130.
65
What is the greatest common factor of 730970 and 2680?
670
Calculate the highest common factor of 5232 and 11663.
109
Calculate the highest common divisor of 240 and 15864.
24
What is the greatest common factor of 43480 and 120?
40
What is the highest common divisor of 714 and 648?
6
Calculate the greatest common divisor of 13456 and 448.
16
Calculate the highest common divisor of 60 and 145356.
12
What is the greatest common factor of 8489 and 52?
13
Calculate the greatest common divisor of 151245 and 30.
15
What is the highest common divisor of 5025 and 1695?
15
Calculate the highest common factor of 608 and 385852.
76
What is the highest common divisor of 2444 and 468?
52
What is the highest common factor of 5096 and 13720?
392
What is the highest common divisor of 1325 and 1805?
5
Calculate the greatest common divisor of 47 and 112753.
47
Calculate the highest common divisor of 20299 and 53.
53
What is the greatest common factor of 464 and 91292?
116
Calculate the greatest common factor of 28 and 15218.
14
Calculate the highest common divisor of 558 and 2418.
186
Calculate the greatest common divisor of 16 and 44152.
8
What is the highest common factor of 30 and 307335?
15
What is the highest common factor of 51 and 31197?
3
Calculate the greatest common divisor of 14 and 85743.
7
What is the highest common divisor of 4573 and 1598?
17
What is the highest common divisor of 4508 and 637?
49
Calculate the highest common divisor of 560 and 107290.
10
What is the highest common divisor of 536 and 1638954?
134
What is the highest common divisor of 644580 and 900?
180
What is the highest common factor of 13424 and 176?
16
Calculate the highest common divisor of 3944 and 7480.
136
What is the highest common factor of 28955 and 95?
5
What is the greatest common factor of 34677 and 261?
9
Calculate the greatest common divisor of 522 and 13716.
18
What is the greatest common divisor of 144 and 4967664?
48
What is the highest common factor of 212 and 424901?
53
Calculate the greatest common divisor of 4018 and 1394.
82
Calculate the highest common divisor of 70 and 558145.
35
Calculate the greatest common factor of 235 and 14565.
5
What is the highest common divisor of 53 and 118667?
53
Calculate the greatest common divisor of 114 and 1134984.
114
What is the highest common factor of 20561 and 5191?
29
What is the highest common divisor of 4633082 and 164?
82
What is the greatest common divisor of 934241 